?
False
Is 41379 a multiple of 12?
False
Is 10 a factor of 5646240?
True
Does 4 divide 29555?
False
Is 1436330 a multiple of 710?
True
Does 67 divide 100802?
False
Is 302095 a multiple of 31?
True
Is 239148 a multiple of 364?
True
Is 66 a factor of 340705?
False
Is 4 a factor of 57000?
True
Is 122259 a multiple of 249?
True
Is 2549652 a multiple of 26?
False
Does 152 divide 525702?
False
Is 166 a factor of 244020?
True
Is 7084881 a multiple of 477?
True
Is 246100 a multiple of 50?
True
Is 43 a factor of 2457189?
False
Is 107 a factor of 54463?
True
Is 321270 a multiple of 15?
True
Is 16 a factor of 205456?
True
Is 19 a factor of 183540?
True
Is 15 a factor of 717405?
True
Is 711 a factor of 344124?
True
Is 11 a factor of 1282337?
False
Is 11179334 a multiple of 22?
False
Is 12890654 a multiple of 352?
False
Does 254 divide 8816?
False
Is 73 a factor of 196154?
False
Is 15637 a multiple of 10?
False
Is 1088725 a multiple of 275?
True
Does 160 divide 688640?
True
Is 16511 even?
False
Is 108801 a multiple of 77?
True
Is 715280 a multiple of 20?
True
Does 9 divide 317214?
True
Does 13 divide 210177?
False
Is 85 a factor of 1945140?
True
Is 3253739 a multiple of 674?
False
Is 8 a factor of 525104?
True
Is 102 a factor of 664938?
True
Is 616 a factor of 795483?
False
Does 721 divide 205588?
False
Does 859 divide 570914?
False
Does 18 divide 132570?
True
Is 340255 a multiple of 17?
True
Is 32 a factor of 1363040?
True
Is 96968 a multiple of 391?
True
Is 776179 a multiple of 41?
False
Does 6 divide 1355580?
True
Is 305 a factor of 711870?
True
Does 355 divide 445880?
True
Is 11 a factor of 58443?
True
Is 105 a factor of 205905?
True
Is 26 a factor of 206011?
False
Does 5 divide 533919?
False
Is 6996612 a multiple of 8?
False
Does 91 divide 291543?
False
Is 156974 a multiple of 16?
False
Is 2344320 a multiple of 407?
True
Does 61 divide 29307?
False
Is 731 a factor of 1551182?
True
Is 120 a factor of 124973?
False
Is 15235779 a multiple of 86?
False
Is 312881 a multiple of 29?
True
Is 13 a factor of 1708285?
False
Is 191373 a multiple of 91?
True
Does 19 divide 463139?
False
Is 9339750 a multiple of 630?
True
Is 58 a factor of 106188?
False
Is 144 a factor of 240912?
True
Is 22 a factor of 826703?
False
Is 840573 a multiple of 50?
False
Does 33 divide 69657?
False
Is 1806018 a multiple of 15?
False
Is 22 a factor of 197852?
False
Does 4 divide 1217732?
True
Is 4980969 a multiple of 21?
True
Does 203 divide 420074?
False
Is 332757 a multiple of 11?
False
Is 204895 a multiple of 134?
False
Does 344 divide 1073280?
True
Is 1947 a factor of 2340294?
True
Is 35748 a multiple of 27?
True
Is 6 a factor of 37890?
True
Does 97 divide 232315?
True
Does 26 divide 132302?
False
Is 21 a factor of 928578?
True
Is 789184 a multiple of 118?
True
Does 56 divide 540149?
False
Is 49 a factor of 997770?
False
Does 3 divide 1139?
False
Does 29 divide 5593686?
False
Does 776 divide 4472864?
True
Is 4 a factor of 21357?
False
Is 1356790 a multiple of 19?
True
Is 15 a factor of 167985?
True
Does 13 divide 2214?
False
Is 9 a factor of 31469373?
True
Is 393468 a multiple of 640?
False
Does 141 divide 1878347?
False
Is 2435 a multiple of 194?
False
Is 399382 a multiple of 156?
False
Is 771429 a multiple of 1242?
False
Does 60 divide 618763?
False
Is 2152690 a multiple of 305?
True
Is 4588801 a multiple of 1203?
False
Is 92 a factor of 630864?
False
Does 13 divide 3143755?
False
Does 48 divide 173163?
False
Does 43 divide 12761841?
True
Does 309 divide 2205959?
False
Is 321706 a multiple of 22?
True
Does 39 divide 170688?
False
Is 3 a factor of 2478465?
True
Is 70783 a multiple of 16?
False
Does 179 divide 847744?
True
Does 322 divide 1630464?
False
Is 384308 a multiple of 116?
True
Is 10 a factor of 389270?
True
Does 18 divide 319356?
True
Does 104 divide 130892?
False
Does 8 divide 658192?
True
Does 95 divide 12737125?
True
Is 46 a factor of 97704?
True
Is 10 a factor of 4036590?
True
Is 7275471 a multiple of 1092?
False
Does 164 divide 217956?
True
Does 126 divide 192906?
True
Does 72 divide 62272?
False
Is 79739 a multiple of 7?
False
Is 31 a factor of 79259?
False
Is 5817468 a multiple of 34?
True
Does 13 divide 10481866?
False
Does 139 divide 18127306?
False
Is 12 a factor of 15300?
True
Is 2389539 a multiple of 69?
True
Does 38 divide 321077?
False
Is 2901749 a multiple of 997?
False
Is 27 a factor of 4307472?
True
Is 364658 a multiple of 21?
False
Is 47583 a multiple of 6?
False
Does 6 divide 137684?
False
Is 20 a factor of 225000?
True
Is 195384 a multiple of 14?
True
Is 431702 a multiple of 730?
False
Is 75 a factor of 75254?
False
Does 24 divide 10824?
True
Does 9 divide 144481?
False
Is 48114 a multiple of 81?
True
Does 33 divide 511222?
False
Is 546 a factor of 513239?
False
Is 282823 a multiple of 351?
False
Does 3 divide 3711?
True
Does 36 divide 11056058?
False
Is 1395786 a multiple of 14?
True
Is 423943 a multiple of 15?
False
Is 417131 a multiple of 331?
False
Is 17501 a multiple of 11?
True
Does 150 divide 3564315?
False
Does 5 divide 22156?
False
Is 124005 a multiple of 35?
True
Does 45 divide 654924?
False
Is 130468 a multiple of 193?
True
Does 13 divide 192264?
False
Is 41 a factor of 272960?
False
Is 10 a factor of 209188?
False
Is 49 a factor of 128331?
True
Does 100 divide 344000?
True
Is 25 a factor of 485173?
False
Is 7 a factor of 1099224?
True
Is 1266019 a multiple of 2?
False
Is 555 a factor of 8805630?
True
Does 78 divide 4135326?
True
Is 362142 a multiple of 22?
True
Is 36 a factor of 151992?
True
Is 8560 a multiple of 164?
False
Is 24639 a multiple of 65?
False
Is 1783122 a multiple of 44?
False
Does 252 divide 1417596?
False
Is 215947 a multiple of 229?
True
Does 13 divide 45720107?
False
Does 269 divide 626622?
False
Is 239544 a multiple of 24?
True
Is 531 a factor of 102717?
False
Does 33 divide 26023?
False
Is 1501550 a multiple of 19?
False
Is 852 a factor of 4055784?
False
Does 13 divide 175569?
False
Does 361 divide 12207777?
False
Does 39 divide 24445590?
True
Is 6394215 a multiple of 15?
True
Does 219 divide 21681?
True
Is 3574160 a multiple of 4?
True
Is 9 a factor of 50841?
True
Is 3744 a multiple of 468?
True
Is 15 a factor of 24959?
False
Is 14 a factor of 700442?
False
Is 1338147 a multiple of 783?
True
Is 331265 a multiple of 10?
False
Is 110 a factor of 3790613?
False
Does 220 divide 49570?
False
Does 5 divide 13530?
True
Is 768 a factor of 15722496?
True
Is 197 a factor of 16465?
False
Is 22666012 a multiple of 38?
True
Is 529926 a multiple of 141?
False
Does 47 divide 288251?
True
Is 13 a factor of 400478?
True
Does 249 divide 591015?
False
Does 9 divide 55999?
False
Is 1264 a factor of 5887712?
True
Is 10995 a multiple of 15?
True
Is 114 a factor of 10298874?
True
Is 809 a factor of 871293?
True
Is 57447 a multiple of 90?
False
Is 1098120 a multiple of 30?
True
Is 5099621 a multiple of 1017?
False
Is 39 a factor of 3146130?
True
Does 177 divide 4313519?
False
Is 114 a factor of 517953?
False
Is 45 a factor of 109080?
True
Is 108 a factor of 5907481?
False
Does 64 divide 4641024?
True
Is 3 a factor of 8026?
False
Does 13 divide 201705?
False
Is 9 a factor of 2111831?
False
Is 123 a factor of 104647?
False
Does 216 divide 135432?
True
Is 17 a factor of 5489398?
False
Does 18 divide 39384?
True
Does 281 divide 1704546?
True
Does 21 divide 61680?
False
Is 71 a factor of 169873?
False
Does 230 divide 364090?
True
Does 183 divide 142522?
False
Does 10 divide 1950790?
True
Does 5 divide 202390?
True
Is 8 a factor of 644512?
True
Is 548278 a multiple of 152?
False
Is 619987 a multiple of 8?
False
Is 2133721 a multiple of 313?
True
Is 1797563 a multiple of 41?
True
Is 145 a factor of 496625?
True
Does 152 divide 1235304?
True
Is 3802545 a multiple of 239?
False
Is 219 a factor of 556419?
False
Does 52 divide 185588?
True
Is 3290908 a multiple of 172?
False
Is 135135 a multiple of 189?
True
Is 335 a factor of 64655?
True
Does 71 divide 492314?
True
Does 59 divide 29736?
True
Is 8 a factor of 1784850?
False
Does 14 divide 247851?
False
Is 437065 a multiple of 305?
True
Does 89 divide 66839?
True
Is 425 a factor of 89636?
False
Is 63 a factor of 1469312?
False
Is 64 a factor of 274376?
False
Is 11473 a multiple of 2?
False
Is 195 a fac